 of 3898?
False
Is 810 a multiple of 13?
False
Is 4776 a multiple of 22?
False
Is 15 a factor of 220?
False
Is 23 a factor of 2166?
False
Does 30 divide 43920?
True
Is 119 a factor of 3927?
True
Is 3056 a multiple of 8?
True
Is 54282 a multiple of 218?
True
Does 4 divide 21101?
False
Is 19 a factor of 537?
False
Does 10 divide 1090?
True
Is 9196 a multiple of 11?
True
Is 1002 a multiple of 6?
True
Does 13 divide 11209?
False
Does 28 divide 1163?
False
Is 10707 a multiple of 43?
True
Does 35 divide 1149?
False
Is 3523 a multiple of 2?
False
Is 145 a multiple of 5?
True
Is 559 a multiple of 13?
True
Is 2952 a multiple of 150?
False
Is 591 even?
False
Does 113 divide 14183?
False
Is 8694 a multiple of 28?
False
Is 13730 a multiple of 10?
True
Is 14155 a multiple of 95?
True
Is 120 a multiple of 10?
True
Is 138 a multiple of 23?
True
Does 117 divide 5840?
False
Is 2379 a multiple of 24?
False
Is 27240 a multiple of 27?
False
Is 15295 a multiple of 133?
True
Does 6 divide 21980?
False
Does 11 divide 388?
False
Is 35 a factor of 22925?
True
Is 16 a factor of 160?
True
Is 9 a factor of 244?
False
Does 4 divide 1418?
False
Is 396 a multiple of 9?
True
Is 79 a factor of 79?
True
Does 64 divide 4960?
False
Is 406 a multiple of 7?
True
Is 48 a factor of 4986?
False
Is 51 a factor of 7344?
True
Does 44 divide 15048?
True
Does 16 divide 1424?
True
Does 26 divide 1170?
True
Does 9 divide 407?
False
Is 66 a factor of 1386?
True
Does 77 divide 77?
True
Does 8 divide 11872?
True
Is 51 a factor of 10049?
False
Is 20 a factor of 980?
True
Is 8 a factor of 169?
False
Is 28 a factor of 1424?
False
Does 67 divide 22579?
True
Does 21 divide 13818?
True
Is 3066 a multiple of 7?
True
Is 4792 a multiple of 31?
False
Is 1395 a multiple of 15?
True
Is 54 a factor of 224?
False
Does 14 divide 1722?
True
Is 186 a multiple of 31?
True
Is 173 a factor of 14013?
True
Does 198 divide 53856?
True
Is 7 a factor of 189?
True
Does 9 divide 22161?
False
Is 5 a factor of 39661?
False
Does 206 divide 15886?
False
Is 981 a multiple of 10?
False
Is 268 a multiple of 67?
True
Does 26 divide 836?
False
Does 49 divide 1029?
True
Is 4 a factor of 234?
False
Is 11 a factor of 275?
True
Does 20 divide 1399?
False
Is 8 a factor of 5896?
True
Is 14 a factor of 1246?
True
Does 166 divide 22908?
True
Is 2270 a multiple of 13?
False
Is 802 a multiple of 9?
False
Does 46 divide 1030?
False
Is 34662 a multiple of 159?
True
Is 294 a multiple of 9?
False
Does 7 divide 76398?
True
Is 1220 a multiple of 14?
False
Is 2054 a multiple of 2?
True
Is 72681 a multiple of 445?
False
Is 7560 a multiple of 105?
True
Is 2760 a multiple of 15?
True
Is 816 a multiple of 16?
True
Is 11 a factor of 7095?
True
Does 26 divide 4388?
False
Does 33 divide 4191?
True
Is 20 a factor of 57?
False
Is 171 a multiple of 42?
False
Is 5049 a multiple of 31?
False
Does 9 divide 5442?
False
Is 71 a factor of 5142?
False
Is 440 a multiple of 11?
True
Is 9281 a multiple of 8?
False
Does 14 divide 1304?
False
Does 31 divide 2573?
True
Is 6 a factor of 10084?
False
Is 26 a factor of 4911?
False
Does 100 divide 29700?
True
Is 3 a factor of 102?
True
Is 17899 a multiple of 9?
False
Is 13 a factor of 9388?
False
Is 30 a factor of 330?
True
Is 319 a factor of 62205?
True
Is 245 a factor of 4410?
True
Is 660 a multiple of 11?
True
Is 169 a factor of 31244?
False
Does 3 divide 99?
True
Does 12 divide 24336?
True
Is 12 a factor of 14180?
False
Does 19 divide 95?
True
Is 166 a factor of 7168?
False
Does 3 divide 483?
True
Is 158 a factor of 6952?
True
Does 10 divide 24036?
False
Does 111 divide 29273?
False
Is 41 a factor of 24229?
False
Is 19 a factor of 6517?
True
Is 46089 a multiple of 12?
False
Does 29 divide 3799?
True
Is 9518 a multiple of 7?
False
Does 5 divide 880?
True
Does 4 divide 99?
False
Does 85 divide 3230?
True
Is 37 a factor of 296?
True
Is 48 a multiple of 4?
True
Does 8 divide 536?
True
Is 258 a multiple of 8?
False
Is 5 a factor of 463?
False
Is 54718 a multiple of 90?
False
Is 11 a factor of 13981?
True
Is 7 a factor of 3382?
False
Does 8 divide 4146?
False
Is 16 a factor of 654?
False
Does 17 divide 323?
True
Is 26550 a multiple of 90?
True
Is 13 a factor of 4043?
True
Is 25 a factor of 4150?
True
Is 7 a factor of 236?
False
Is 132 a factor of 113388?
True
Is 11 a factor of 601?
False
Is 17394 a multiple of 78?
True
Is 257 a factor of 28651?
False
Is 3 a factor of 6279?
True
Does 89 divide 2880?
False
Is 8 a factor of 444?
False
Is 198 a multiple of 11?
True
Is 4875 a multiple of 21?
False
Is 49 a factor of 1127?
True
Is 10301 a multiple of 53?
False
Is 819 a multiple of 21?
True
Is 3526 a multiple of 86?
True
Does 46 divide 988?
False
Is 9 a factor of 477?
True
Is 2 a factor of 1132?
True
Does 19 divide 4028?
True
Is 379 a factor of 91718?
True
Is 71 a factor of 710?
True
Is 5606 a multiple of 85?
False
Is 9 a factor of 4445?
False
Does 88 divide 12848?
True
Does 183 divide 40809?
True
Does 17 divide 4981?
True
Is 114 a factor of 476?
False
Does 5 divide 497?
False
Is 23 a factor of 10810?
True
Does 36 divide 2320?
False
Does 8 divide 184?
True
Is 127 a factor of 1270?
True
Is 28 a factor of 136080?
True
Does 4 divide 3568?
True
Does 37 divide 74?
True
Is 87 a factor of 1146?
False
Is 1473 a multiple of 23?
False
Is 21 a factor of 243?
False
Is 889 a multiple of 7?
True
Does 17 divide 199?
False
Is 330 a multiple of 5?
True
Is 19905 a multiple of 14?
False
Is 10382 a multiple of 17?
False
Is 4658 a multiple of 34?
True
Is 103 a factor of 7819?
False
Is 2931 a multiple of 15?
False
Is 910 a multiple of 14?
True
Is 7839 a multiple of 9?
True
Does 30 divide 5670?
True
Is 29 a factor of 16616?
False
Does 42 divide 1102?
False
Is 915 a multiple of 90?
False
Is 18 a factor of 4382?
False
Is 5322 a multiple of 6?
True
Is 12 a factor of 156?
True
Does 13 divide 319?
False
Is 13 a factor of 9503?
True
Is 67803 a multiple of 19?
False
Is 522 a multiple of 9?
True
Is 21 a factor of 19341?
True
Is 17 a factor of 4816?
False
Is 1962 a multiple of 15?
False
Does 6 divide 613?
False
Does 21 divide 6593?
False
Is 12 a factor of 1404?
True
Is 14921 a multiple of 89?
False
Does 56 divide 1529?
False
Is 2098 a multiple of 9?
False
Does 79 divide 316?
True
Does 40 divide 34360?
True
Is 3 a factor of 6525?
True
Is 45 a factor of 176?
False
Does 13 divide 572?
True
Is 10 a factor of 1590?
True
Is 115 a factor of 10328?
False
Does 34 divide 562?
False
Is 104 a multiple of 4?
True
Does 8 divide 5227?
False
Is 1144 a multiple of 52?
True
Is 7 a factor of 30681?
True
Does 28 divide 10817?
False
Does 8 divide 23376?
True
Is 8 a factor of 800?
True
Is 70 a factor of 2590?
True
Is 2370 a multiple of 237?
True
Is 71 a factor of 105364?
True
Is 31 a factor of 1502?
False
Is 5148 a multiple of 11?
True
Is 21 a factor of 359?
False
Does 78 divide 359?
False
Is 2320 a multiple of 80?
True
Does 12 divide 1956?
True
Is 80 a multiple of 4?
True
Does 65 divide 6812?
False
Is 13 a factor of 2676?
False
Does 47 divide 188?
True
Is 53 a factor of 604?
False
Is 157 a factor of 22718?
False
Is 33 a factor of 1694?
False
Is 45 a factor of 73585?
False
Does 3 divide 180?
True
Does 28 divide 4718?
False
Does 106 divide 2014?
True
Does 148 divide 38334?
False
Is 821 even?
False
Is 660 a multiple of 22?
True
Is 45 a factor of 2565?
True
Is 7 a factor of 3869?
False
Is 1854 a multiple of 18?
True
Does 51 divide 948?
False
Is 864 a multiple of 18?
True
Is 14 a factor of 3680?
False
Does 11 divide 1144?
True
Is 23 a factor of 3289?
True
Is 32 a factor of 2528?
True
Does 25 divide 1431?
False
Is 100 a factor of 3611?
False
Is 56 a multiple of 7?
True
Does 12 divide 1769?
False
Is 14 a factor of 412?
False
Is 8 a factor of 280?
True
Is 666 a multiple of 9?
True
Is 45 a factor of 541?
False
Is 994 a multiple of 14?
True
Is 16 a factor of 4763?
False
Does 264 divide 6450?
False
Does 54 divide 3078?
True
Is 118 a factor of 1587?
False
Is 7 a factor of 24001?
False
Is 261 a multiple of 9?
True
Does 46 divide 506?
True
Is 42 a factor of 932?
False
Does 7 divide 3793?
False
Is 23 a factor of 1129?
False
Is 47978 a multiple of 46?
True
Is 17 a factor of 17?
True
Is 9 a factor of 469?
False
Is 42 a factor of 352?
False
Is 89 a factor of 16713?
False
Is 10 a factor of 20?
Tru